3 a factor of 12437112?
True
Does 22 divide 5493598?
True
Is 487739 a multiple of 39?
False
Is 1483017266 a multiple of 32?
False
Is 77821263 a multiple of 351?
True
Does 2359 divide 2873747954?
True
Is 5279608078 a multiple of 13?
False
Does 673 divide 75073150?
True
Is 4 a factor of 625075076?
True
Is 321639220 a multiple of 7?
True
Is 5853576 a multiple of 34?
True
Is 1724157380 a multiple of 241?
True
Does 6 divide 28065095?
False
Is 75190700 a multiple of 1119?
False
Is 844331040 a multiple of 1134?
True
Is 16 a factor of 2892703555?
False
Does 194 divide 1258856340?
False
Is 112 a factor of 607111008?
True
Is 375959503 a multiple of 898?
False
Is 299 a factor of 60396085?
False
Is 1401 a factor of 840276369?
True
Does 316 divide 212195896?
True
Does 45 divide 155189700?
True
Is 21 a factor of 2840652696?
True
Does 168 divide 2427096?
True
Is 87 a factor of 47994855?
True
Does 47 divide 846792424?
False
Does 16 divide 42339219?
False
Is 5015793 a multiple of 822?
False
Is 3592398325 a multiple of 32?
False
Does 2604 divide 399073615?
False
Is 2050 a factor of 704024637?
False
Is 7 a factor of 26229609?
True
Is 6807214 a multiple of 9?
False
Is 3498 a factor of 3294753397?
False
Is 55 a factor of 1776101?
False
Is 8952 a factor of 192659193?
False
Does 49 divide 47493839?
False
Is 120958260 a multiple of 940?
True
Is 587908350 a multiple of 655?
True
Is 12123050 a multiple of 143?
False
Does 507 divide 806203008?
True
Is 399600940 a multiple of 167?
True
Is 13 a factor of 4505787?
True
Is 33 a factor of 221139798?
True
Does 4937 divide 4506032218?
False
Is 129844900 a multiple of 72?
False
Is 76 a factor of 22011728?
True
Does 73 divide 9678351?
False
Is 34 a factor of 819976980?
True
Is 80810144 a multiple of 816?
False
Is 23295315 a multiple of 3194?
False
Is 476 a factor of 37477860?
True
Is 921089690 a multiple of 298?
True
Is 81815032 a multiple of 29?
True
Is 12 a factor of 291670754?
False
Is 12 a factor of 2376236328?
True
Is 145881388 a multiple of 4732?
False
Does 26 divide 2060811038?
True
Is 3282 a factor of 932235690?
True
Does 148 divide 104350804?
True
Does 9 divide 410603112?
True
Is 2583 a factor of 45749752?
False
Is 115954900 a multiple of 22?
False
Is 275 a factor of 575948375?
False
Is 4144 a factor of 156324112?
True
Is 308228505 a multiple of 357?
False
Is 1429 a factor of 851615080?
False
Is 41098269 a multiple of 78?
False
Is 11 a factor of 31082652?
False
Does 101 divide 2484239552?
False
Is 33 a factor of 24945385?
False
Is 257627583 a multiple of 41?
False
Does 623 divide 30672159?
True
Is 31501445 a multiple of 2167?
False
Is 1061570580 a multiple of 12?
True
Is 7 a factor of 555494066?
False
Does 6 divide 351322474?
False
Does 15 divide 186097608?
False
Is 23690243 a multiple of 6?
False
Is 1470089793 a multiple of 3027?
True
Is 49 a factor of 209521599?
True
Is 23500940 a multiple of 235?
True
Is 11069356 a multiple of 4?
True
Does 2699 divide 220791695?
True
Is 4691459 a multiple of 2?
False
Does 40 divide 3756791680?
True
Is 854016 a multiple of 24?
True
Is 51 a factor of 60009000?
False
Does 338 divide 88032776?
True
Is 41 a factor of 20634439?
True
Does 15 divide 215273517?
False
Is 105177312 a multiple of 54?
True
Does 144 divide 5497831699?
False
Is 34 a factor of 864769658?
False
Is 1175 a factor of 255084988?
False
Does 159 divide 432505122?
True
Is 3 a factor of 272472930?
True
Does 942 divide 47667242?
False
Does 180 divide 9420635?
False
Does 46 divide 971439086?
True
Is 57 a factor of 380673303?
True
Is 14 a factor of 34618027?
False
Is 2490997474 a multiple of 1754?
True
Does 5725 divide 151407651?
False
Is 177589805 a multiple of 759?
False
Is 51007138 a multiple of 13?
True
Is 16 a factor of 47353684?
False
Is 2686273 a multiple of 7?
False
Does 9961 divide 1365660976?
False
Does 868 divide 33842452?
True
Is 3996 a factor of 172091736?
True
Is 275153922 a multiple of 621?
True
Does 119 divide 7989303?
True
Is 34481311 a multiple of 59?
True
Is 2504 a factor of 33809008?
True
Is 3628 a factor of 103180320?
True
Does 3574 divide 93322092?
False
Does 200 divide 109955951?
False
Is 169569396 a multiple of 454?
False
Is 72 a factor of 15620256?
True
Is 1636 a factor of 141752263?
False
Does 53 divide 46074914?
True
Is 300 a factor of 17850978?
False
Is 50 a factor of 2992300?
True
Does 55 divide 582670744?
False
Is 14 a factor of 59216185?
False
Is 93565980 a multiple of 11?
False
Does 17 divide 210483328?
False
Is 59900223 a multiple of 73?
True
Is 7074037 a multiple of 35?
False
Is 2299 a factor of 14446916?
True
Is 358 a factor of 26826014?
True
Does 33 divide 40885127?
False
Does 135 divide 1531566495?
True
Is 212151820 a multiple of 20?
True
Does 9 divide 214431264?
True
Is 1442528282 a multiple of 349?
False
Is 4780304 a multiple of 30?
False
Is 89813584 a multiple of 2924?
True
Is 1000 a factor of 21721507?
False
Is 23078692 a multiple of 1316?
True
Is 824 a factor of 36464329?
False
Is 1733 a factor of 28914642?
False
Does 284 divide 14036984?
True
Does 153 divide 13021786?
False
Does 117 divide 19029876?
False
Is 16202927 a multiple of 17?
False
Is 36307094 a multiple of 17?
False
Is 691548532 a multiple of 4?
True
Does 6 divide 111210708?
True
Is 106346035 a multiple of 1382?
False
Does 2702 divide 534731084?
False
Is 2066968240 a multiple of 25?
False
Is 62 a factor of 322268684?
True
Does 3887 divide 90951913?
True
Is 15 a factor of 75265259?
False
Does 3 divide 537312?
True
Is 4816860 a multiple of 17?
False
Is 390 a factor of 325381?
False
Does 400 divide 37636026?
False
Is 290 a factor of 2687770?
False
Is 75 a factor of 26702100?
True
Does 467 divide 52612220?
True
Does 66 divide 384723570?
True
Is 97093023 a multiple of 2?
False
Does 1164 divide 164519760?
True
Is 32 a factor of 527130768?
False
Does 18 divide 818862749?
False
Is 150390464 a multiple of 224?
True
Does 38 divide 30668106?
False
Is 37120616 a multiple of 4?
True
Does 35 divide 976349518?
False
Is 876121 a multiple of 110?
False
Is 2088 a factor of 488936378?
False
Is 994 a factor of 33495315?
False
Does 99 divide 2485981773?
True
Is 204 a factor of 71718498?
False
Does 97 divide 197597556?
False
Is 3099479 a multiple of 2675?
False
Does 198 divide 15390762?
False
Does 41 divide 383826310?
False
Is 72840354 a multiple of 3735?
False
Is 1010654838 a multiple of 18?
True
Is 51239781 a multiple of 29?
True
Is 6 a factor of 675334989?
False
Is 32 a factor of 101907820?
False
Is 39522560 a multiple of 64?
True
Does 123 divide 1350957711?
False
Is 765 a factor of 52548615?
True
Is 774963560 a multiple of 10?
True
Is 403 a factor of 423690832?
False
Is 596 a factor of 16145816?
False
Is 2806 a factor of 57175056?
True
Does 6 divide 75518181?
False
Does 171 divide 41570955?
True
Is 18 a factor of 40063986?
True
Is 319496967 a multiple of 115?
False
Is 109045710 a multiple of 3930?
True
Is 1823234 a multiple of 368?
False
Does 194 divide 7105638?
True
Does 437 divide 1595194677?
False
Is 29823236 a multiple of 323?
True
Does 297 divide 321542001?
True
Is 35120730 a multiple of 353?
False
Is 25391495 a multiple of 1745?
True
Does 4 divide 78224436?
True
Does 4547 divide 162120879?
False
Does 6 divide 7047840?
True
Is 210447336 a multiple of 2596?
True
Is 17573484 a multiple of 67?
False
Is 3 a factor of 763823637?
True
Is 8 a factor of 18628120?
True
Does 11 divide 127773503?
True
Is 872 a factor of 11238336?
True
Does 717 divide 138979164?
False
Does 2705 divide 189939690?
True
Does 50 divide 1492505639?
False
Does 5 divide 26928155?
True
Does 1128 divide 1000348752?
True
Does 1097 divide 22983247?
True
Is 981 a factor of 122641303?
False
Is 114174 a multiple of 4?
False
Does 51 divide 57676204?
False
Is 98 a factor of 16450084?
True
Is 36803784 a multiple of 193?
False
Does 3646 divide 297800605?
False
Is 2480 a factor of 3154956800?
True
Is 4432304264 a multiple of 1928?
True
Is 142321685 a multiple of 4?
False
Is 2282880020 a multiple of 51?
False
Does 10 divide 434740689?
False
Is 19186406 a multiple of 278?
False
Is 4300531844 a multiple of 196?
True
Is 1367 a factor of 885343018?
True
Is 1467 a factor of 329466286?
False
Is 234 a factor of 7353216?
True
Is 23838900 a multiple of 12?
True
Is 41724765 a multiple of 46?